v = 3 + 2. Suppose -v*g + 0*h + 2*h + 23 = 0, -4*h + 4 = 0. What is the units digit of g?
5
What is the tens digit of (7 - 5) + 58/1?
6
Let n(m) = -2*m**2 - 1 + 3*m**3 + 18*m - 19*m + 0*m**3. What is the units digit of n(2)?
3
Let n(g) = -5*g + 152. What is the hundreds digit of n(0)?
1
Suppose -3*s - 11 = 5*q, 2*s = 3*q + 4 - 5. Let j be 0 - 0/(0 + s). Suppose 5 = y - j. What is the units digit of y?
5
Let p = 11 - 13. What is the units digit of 0 + (-12)/8*p?
3
Suppose -2*g - 5 = -3*i, -3*g - 2*g = 3*i - 19. Suppose -30 = -g*z + 2. What is the tens digit of z?
1
Suppose 0 = -3*w - g + 55, 2*w = 3*g + 21 + 12. What is the units digit of w?
8
Let b(c) = 5*c**2 + 2*c - 1. Let z be b(-2). Let n = z - 11. What is the units digit of n?
4
Suppose -4*f + 57 + 18 = n, 0 = 2*n + 2. Let q = 32 - f. What is the units digit of q?
3
Suppose -4*n - n = 10. Let q be (4 - n)*4/6. Suppose 5*u - q - 3 = 2*c, u + 31 = 4*c. What is the units digit of c?
9
Let w be 3 - (-2)/(-3 - -1). Suppose 4*h - w*h = 10. What is the units digit of h?
5
Suppose -q - 5 = 2*f, -2*q - 2*q + 5*f = -45. Suppose -q*t - 228 = -t. What is the units digit of 3/12 - t/12?
5
Let l(f) = -78*f - 25. What is the hundreds digit of l(-4)?
2
Let m be (2 - 5) + 4 + 9. Suppose -4*w + i + 60 = 0, 52 = 3*w - 5*i - m. What is the units digit of w?
4
Let r(j) = -2*j + 9. What is the units digit of r(-13)?
5
Suppose 2*k = -3*h - 0*k + 199, 3*k - 6 = 0. What is the units digit of h?
5
Let f(a) be the first derivative of -a**2/2 + 5*a - 1. What is the units digit of f(3)?
2
Let a(j) = -j**3 - 2*j**2 - 5*j + 7. What is the units digit of a(-5)?
7
Let q = 195 - 112. What is the tens digit of q?
8
Let t be 4 + (3/3 - 3). Suppose 3*s - 5*s - t = 0. What is the units digit of (-2 - s)*(-5 + 2)?
3
Suppose -o - 3*c = -31, -4*o + 5*o - 3*c - 1 = 0. Let l be o/3*(-18)/(-8). What is the tens digit of 134/l - 1/6?
1
Let p(h) = h**2 + 8*h + 10. Suppose -2*x - 38 = 4*c + 3*x, 2*x = -4*c - 32. Let j be p(c). Let r = j - -4. What is the units digit of r?
7
Suppose 0 = 5*m - 69 + 9. Let z = -8 + m. Let y = -2 + z. What is the units digit of y?
2
Let v be 0 + 3*(-2)/(-3). Suppose v*x = 23 + 1. What is the tens digit of x?
1
Let z be (-2)/(-5) - 12/5. Let l be -1*2 + 2 + z. What is the units digit of l*(3/6 + -2)?
3
Let d(s) = 2*s**2 - 6*s - 15. What is the tens digit of d(7)?
4
Suppose 2*o - 4*o = 2*c - 32, -3*o - 5*c + 50 = 0. What is the tens digit of o?
1
Let z(u) = -u**2 + 7*u. Let p = 6 + -2. What is the tens digit of z(p)?
1
Let f be -8 + 2/(2*1). Suppose g = -15 + 5. Let p = f - g. What is the units digit of p?
3
Suppose 0 = -3*t + 3*b, -2*b + 5 = -5*t + 4*t. Suppose 0*h + h = t. What is the units digit of (-20)/(-25)*h/2?
2
Suppose 3*r - 8*r = -305. What is the units digit of r?
1
Suppose -4*n + 3*n + m = -2, 4*m + 8 = -5*n. Suppose w - 92 = -w. Suppose 2*z - w = -4*r + z, n = 5*r - z - 62. What is the tens digit of r?
1
Let o = -10 - -15. Suppose -41 = -o*i + 5*z - z, -2*z - 8 = 0. What is the units digit of i?
5
What is the units digit of (-1)/((3 - 1)/(-274))?
7
Suppose 2*y - 8*y + 66 = 0. What is the units digit of y?
1
Let o(l) = 2*l - 3. Let d be (-38)/(-14) + 2/7. Let y be o(d). Suppose x - 15 = -2*x - y*j, 7 = 5*x - j. What is the units digit of x?
2
Let h = -15 + 21. Suppose h = 2*g, 4*l - 317 + 114 = -5*g. What is the tens digit of l?
4
Let y(x) = x**3 - 6*x**2 + 4*x + 3. Let d be y(5). What is the units digit of d/8 + 52/16?
3
What is the units digit of 540/12*(1 + 0)?
5
What is the units digit of (-2 - 27/(-12)) + 465/12?
9
Let a(w) = 3*w**3 + 4*w**2 + 5. Let z(y) = -y**3 - y + 1. Let l(p) = -a(p) - 2*z(p). Suppose 2 + 13 = -3*v. What is the units digit of l(v)?
8
Suppose -4*x + 2*x = 5*d - 498, -x = 5*d - 494. What is the tens digit of d?
9
Let y(s) = s**3 + 22*s**2 + 33*s - 29. What is the tens digit of y(-20)?
1
Let d = 513 + -338. What is the tens digit of d?
7
Let t = 5 + -3. Suppose t*i + 1 = 3*i. What is the units digit of i?
1
What is the units digit of 4*-7*(-867)/68?
7
Let d = 52 + -29. Suppose 3 = c - 5*b - d, -2*c - b = -52. What is the units digit of c?
6
Suppose 4*z = -4*w + 182 - 34, 0 = z - 4*w - 12. What is the units digit of z?
2
Let j(q) = q - 2. Let n be j(2). Suppose -3*p - 13 + 52 = n. What is the units digit of p?
3
Let z(v) = 4*v**2 + 4*v - 23. Let q(y) = y**2 - y - 1. Let x(n) = 5*q(n) - z(n). What is the tens digit of x(9)?
1
Suppose -f = 2*f. Suppose -o + 6 = 2*j - 8, f = -5*o - 4*j + 58. What is the units digit of o?
0
Let b = 25 + 28. What is the units digit of b?
3
Let v(k) = -k**2 - 10*k + 5. Let r be v(-5). Suppose -5*c + r = -0*c. What is the units digit of c?
6
What is the hundreds digit of -6*(-4 + -24 - 3)?
1
Suppose -4*o - 4 = 2*s + 4, 12 = -5*o - 3*s. Suppose o*x + 4 = -2*x. Let i = 0 - x. What is the units digit of i?
2
What is the units digit of -3*(-129)/9*1?
3
Let v be ((-43)/2)/((-4)/8). Let r = v + -20. What is the tens digit of r?
2
Let o(x) = -x**2 + 2*x - 1. Let d be o(3). Let z(j) = j + 6. What is the units digit of z(d)?
2
Let q be (-3)/12 - 13/(-4). Let r(i) = -i**2 + 8*i + 3. Let y(u) = u**2 - 7*u - 3. Let n(c) = -2*r(c) - 3*y(c). What is the units digit of n(q)?
9
Let w = 63 - 22. What is the tens digit of w?
4
Suppose 4*k + 8*b - 3*b + 932 = 0, 0 = -k - 4*b - 222. What is the units digit of k/(-18) + (-12)/54?
3
Let b(y) = -13*y - 1. Let p be b(-12). Let v = p - 93. Suppose 3*g = m + 59, -4*g - m - m + v = 0. What is the units digit of g?
8
Let v = -8 - -11. Suppose 30 + 9 = v*u. What is the units digit of u?
3
Suppose 2*t = -4*o + 4, -3*t + 0*t = -3*o + 12. Suppose o*a + 32 = 6*a. What is the units digit of a?
8
Let q(l) = -l + 2. Let y = 9 - 11. What is the units digit of q(y)?
4
Let c(r) = r**2 - 4*r - 3. Let g be c(5). Suppose -g*x = 2*l - 68, 5*x + 3 = 13. What is the tens digit of l?
3
Suppose -5*g - 46 + 6 = -5*d, g + 5 = 0. What is the units digit of d?
3
Let p(j) = j**2 + 4*j - 7. Let g be p(-5). Let w(t) be the second derivative of -t**5/20 - t**4/12 + t**3/3 + 3*t**2/2 + 2*t. What is the units digit of w(g)?
3
Suppose -20 = 2*k - 4*k. Let m be k/(-25) - (-66)/(-10). What is the units digit of (4/2)/(m/(-35))?
0
Let l = 146 - 144. What is the units digit of l?
2
Suppose 8 = f + f. Suppose 3*x = f*k - 8, -5*k - 4*x + 31 = -2*k. Suppose 8 = k*w + 2*z, 4*z = -w - w. What is the units digit of w?
2
Let p(w) = w**3 - w**2 - w + 4. What is the units digit of p(2)?
6
Let r = 8 + -6. Suppose -2*f + w = 3*f - 10, 0 = 5*f - 3*w. What is the units digit of (-4)/f*(-9)/r?
6
Suppose -3*b + 3*r + 489 = 0, 2*b + 5*r = -b + 513. What is the units digit of b?
6
Let g(j) = -j**3 - 11*j**2 - 9*j - 13. What is the tens digit of g(-11)?
8
Suppose -5*r = -b - 2*b - 449, b - 457 = -5*r. Let g = r - 52. What is the units digit of g?
9
Suppose 14 = t - 2. What is the tens digit of t?
1
Suppose -20 = 3*k - 7*k. Let c = 10 - k. What is the units digit of c?
5
Suppose -18*g = -22*g + 1004. What is the hundreds digit of g?
2
What is the units digit of (-1)/((-6)/(-66)*1/(-2))?
2
Suppose -4*c = -c - 18. What is the units digit of (-28)/c*(-3)/2?
7
Suppose -4*q = -3*q - n - 8, 4*q - 36 = 5*n. Let z be (45/q)/5*-4. Let f = 14 + z. What is the units digit of f?
5
Let w(u) = -u**3 + u + 9. Let i = -1 + 1. What is the units digit of w(i)?
9
Suppose 2*z - 4*w + 2*w = 0, 4*z = -w. Suppose z = -5*d + 56 + 34. Suppose 3*l = d - 3. What is the units digit of l?
5
What is the units digit of -3 + 2 - 1 - -3?
1
Let d(s) be the second derivative of -s**5/20 - s**4/3 + 5*s**2/2 - s. Let n be d(-4). Suppose 3*t = -9, -2*r + 4*t + 13 + n = 0. What is the units digit of r?
3
Let w(b) = -b + 58. What is the units digit of w(-17)?
5
Suppose -5*m - 3*k + 283 = k, -3*m - 5*k = -162. What is the tens digit of m?
5
Let i(m) = -m**2 - 7*m - 7. Let y be i(-5). Suppose 0 = -y*l + 2*l - 2*n + 4, -3*n = -3. What is the units digit of l?
2
Let h(j) = j**2 + 6*j - 13. What is the units digit of h(6)?
9
Suppose 3*n + 15 = 6*n. Let c = 8 + -5. Suppose c + n = 2*q. What is the units digit of q?
4
Suppose 0 = 3*i + 5*u - 194, -2*u + 49 + 87 = 2*i. Suppose 2*d + 5*p - i = 0, -3*d + 3 + 95 = -4*p. Suppose -4*k + 2 = -d. What is the units digit of k?
9
Suppose -59 + 184 = 5*i. What is the tens digit